{"id":696,"date":"2020-02-20T12:20:55","date_gmt":"2020-02-20T12:20:55","guid":{"rendered":"https:\/\/philiboul.fr\/?page_id=696"},"modified":"2020-04-02T08:54:13","modified_gmt":"2020-04-02T08:54:13","slug":"axa-cs-intranet","status":"publish","type":"page","link":"https:\/\/philiboul.fr\/index.php\/axa-cs-intranet\/","title":{"rendered":"# AXA CS Intranet"},"content":{"rendered":"<p>[et_pb_section fb_built=\u00a0\u00bb1&Prime; specialty=\u00a0\u00bbon\u00a0\u00bb padding_top_bottom_link_1=\u00a0\u00bbfalse\u00a0\u00bb padding_top_bottom_link_2=\u00a0\u00bbfalse\u00a0\u00bb padding_left_right_link_1=\u00a0\u00bbfalse\u00a0\u00bb padding_left_right_link_2=\u00a0\u00bbfalse\u00a0\u00bb padding_top_2=\u00a0\u00bb0px\u00a0\u00bb _builder_version=\u00a0\u00bb4.3.2&Prime; custom_padding=\u00a0\u00bb0px||||false|false\u00a0\u00bb da_is_popup=\u00a0\u00bboff\u00a0\u00bb da_exit_intent=\u00a0\u00bboff\u00a0\u00bb da_has_close=\u00a0\u00bbon\u00a0\u00bb da_alt_close=\u00a0\u00bboff\u00a0\u00bb da_dark_close=\u00a0\u00bboff\u00a0\u00bb da_not_modal=\u00a0\u00bbon\u00a0\u00bb da_is_singular=\u00a0\u00bboff\u00a0\u00bb da_has_shadow=\u00a0\u00bbon\u00a0\u00bb da_disable_devices=\u00a0\u00bboff|off|off\u00a0\u00bb][et_pb_column type=\u00a0\u00bb1_2&Prime; _builder_version=\u00a0\u00bb3.25&Prime; custom_padding=\u00a0\u00bb|||\u00a0\u00bb custom_padding__hover=\u00a0\u00bb|||\u00a0\u00bb][et_pb_text _builder_version=\u00a0\u00bb4.3.4&Prime; header_font_size=\u00a0\u00bb61px\u00a0\u00bb]<\/p>\n<h1><img loading=\"lazy\" decoding=\"async\" src=\"https:\/\/philiboul.fr\/wp-content\/uploads\/2020\/02\/AXA-philiboul-CAS-4-carre-web-300x300.jpg\" alt=\"\" class=\"wp-image-490 alignnone size-medium\" width=\"213\" height=\"213\" \/><\/h1>\n<h1>AXA CS<\/h1>\n<p>[\/et_pb_text][et_pb_divider color=\u00a0\u00bb#000000&Prime; divider_weight=\u00a0\u00bb4px\u00a0\u00bb _builder_version=\u00a0\u00bb4.2.2&Prime;][\/et_pb_divider][et_pb_text _builder_version=\u00a0\u00bb4.3.2&Prime; text_font=\u00a0\u00bbArial|800||on|||||\u00a0\u00bb text_text_color=\u00a0\u00bb#000000&Prime; text_font_size=\u00a0\u00bb43px\u00a0\u00bb text_line_height=\u00a0\u00bb1em\u00a0\u00bb header_font_size=\u00a0\u00bb26px\u00a0\u00bb width=\u00a0\u00bb77%\u00a0\u00bb min_height=\u00a0\u00bb100px\u00a0\u00bb custom_margin=\u00a0\u00bb||||false|false\u00a0\u00bb text_font_size_tablet=\u00a0\u00bb\u00a0\u00bb text_font_size_phone=\u00a0\u00bb27px\u00a0\u00bb text_font_size_last_edited=\u00a0\u00bbon|phone\u00a0\u00bb]<\/p>\n<p>Lancement nouvel intranet \u00e0 l&rsquo;international<\/p>\n<p>[\/et_pb_text][et_pb_text _builder_version=\u00a0\u00bb4.3.2&Prime; text_font=\u00a0\u00bbActor||||||||\u00a0\u00bb text_text_color=\u00a0\u00bb#c80637&Prime; text_font_size=\u00a0\u00bb27px\u00a0\u00bb text_font_size_tablet=\u00a0\u00bb\u00a0\u00bb text_font_size_phone=\u00a0\u00bb18px\u00a0\u00bb text_font_size_last_edited=\u00a0\u00bbon|desktop\u00a0\u00bb]<\/p>\n<p>Une strat\u00e9gie globale<\/p>\n<p>[\/et_pb_text][et_pb_divider color=\u00a0\u00bb#000000&Prime; _builder_version=\u00a0\u00bb4.3.4&Prime;][\/et_pb_divider][et_pb_text _builder_version=\u00a0\u00bb4.3.2&Prime; text_font=\u00a0\u00bbActor||||||||\u00a0\u00bb text_text_color=\u00a0\u00bb#000000&Prime; text_font_size=\u00a0\u00bb18px\u00a0\u00bb width=\u00a0\u00bb75%\u00a0\u00bb]<\/p>\n<p><strong>Rendre ce nouveau r\u00e9seau<\/strong> collaboratif dit ONE accessible au plus grand nombre, <strong>valoriser<\/strong> sa simplicit\u00e9 d\u2019usage et sa facilit\u00e9 d\u2019appr\u00e9hension. <strong>Relier<\/strong> ce dernier \u00e0 la culture entreprise et <strong>d\u00e9rouler une strat\u00e9gie<\/strong> qui se compl\u00e8te dans les moyens mis en \u0153uvre.<\/p>\n<h2><b>KEYWORKS<\/b><\/h2>\n<p><strong>Inspirer<\/strong> :\u00a0 Redonner de la visibilit\u00e9 \u00e0 la culture bleue, insuffler un \u00e9tat d\u2019esprit, rappeler ce qui la guide par la diffusion de mots cl\u00e9s<\/p>\n<p><strong>Interpeller<\/strong> : Cr\u00e9er un effet de surprise, du buzz, autour d\u2019une communication qui va permettre d\u2019introduire ONE et donner envie d\u2019en savoir plus<\/p>\n<p><strong>Lancer<\/strong> : Permettre \u00e0 la majorit\u00e9 de comprendre, de s\u2019int\u00e9resser et de s\u2019approprier ce nouvel outil et donner du sens aux nouvelles interfaces.<\/p>\n<p><strong>Faire vivre<\/strong> :\u00a0 Renouveler l\u2019int\u00e9r\u00eat, assurer l\u2019usage r\u00e9gulier et croissant au fil du temps en cr\u00e9ant des animations d\u00e9di\u00e9es qui vont rythmer une communication immersive.<\/p>\n<p>[\/et_pb_text][et_pb_image src=\u00a0\u00bbhttps:\/\/philiboul.fr\/wp-content\/uploads\/2020\/02\/AXA-intranet-philiboul-web-fresque-1.jpg\u00a0\u00bb show_in_lightbox=\u00a0\u00bbon\u00a0\u00bb _builder_version=\u00a0\u00bb4.3.2&Prime; box_shadow_style=\u00a0\u00bbpreset1&Prime;][\/et_pb_image][et_pb_image src=\u00a0\u00bbhttps:\/\/philiboul.fr\/wp-content\/uploads\/2020\/02\/AXA-intranet-philiboul-web-fresque-2.jpg\u00a0\u00bb _builder_version=\u00a0\u00bb4.3.2&Prime; box_shadow_style=\u00a0\u00bbpreset1&Prime;][\/et_pb_image][\/et_pb_column][et_pb_column type=\u00a0\u00bb1_2&Prime; specialty_columns=\u00a0\u00bb2&Prime; _builder_version=\u00a0\u00bb3.25&Prime; custom_padding=\u00a0\u00bb|||\u00a0\u00bb custom_padding__hover=\u00a0\u00bb|||\u00a0\u00bb][et_pb_row_inner _builder_version=\u00a0\u00bb4.2.2&Prime;][et_pb_column_inner saved_specialty_column_type=\u00a0\u00bb1_2&Prime; _builder_version=\u00a0\u00bb4.2.2&Prime;][et_pb_image src=\u00a0\u00bbhttps:\/\/philiboul.fr\/wp-content\/uploads\/2020\/02\/fleche-rouge-bas.jpg\u00a0\u00bb _builder_version=\u00a0\u00bb4.3.2&Prime; width=\u00a0\u00bb17%\u00a0\u00bb][\/et_pb_image][\/et_pb_column_inner][\/et_pb_row_inner][et_pb_row_inner _builder_version=\u00a0\u00bb4.3.4&Prime;][et_pb_column_inner saved_specialty_column_type=\u00a0\u00bb1_2&Prime; _builder_version=\u00a0\u00bb4.2.2&Prime;][et_pb_image src=\u00a0\u00bbhttps:\/\/philiboul.fr\/wp-content\/uploads\/2020\/02\/AXA-intranet-philiboul-web-3.jpg\u00a0\u00bb _builder_version=\u00a0\u00bb4.3.2&Prime;][\/et_pb_image][et_pb_image src=\u00a0\u00bbhttps:\/\/philiboul.fr\/wp-content\/uploads\/2020\/02\/AXA-intranet-philiboul-web-6.jpg\u00a0\u00bb show_in_lightbox=\u00a0\u00bbon\u00a0\u00bb _builder_version=\u00a0\u00bb4.3.2&Prime; box_shadow_style=\u00a0\u00bbpreset1&Prime;][\/et_pb_image][et_pb_image src=\u00a0\u00bbhttps:\/\/philiboul.fr\/wp-content\/uploads\/2020\/02\/AXA-intranet-philiboul-web-5.jpg\u00a0\u00bb _builder_version=\u00a0\u00bb4.3.4&Prime;][\/et_pb_image][et_pb_image src=\u00a0\u00bbhttps:\/\/philiboul.fr\/wp-content\/uploads\/2020\/02\/AXA-intranet-philiboul-web-4.jpg\u00a0\u00bb _builder_version=\u00a0\u00bb4.3.4&Prime;][\/et_pb_image][\/et_pb_column_inner][\/et_pb_row_inner][\/et_pb_column][\/et_pb_section]<\/p>\n","protected":false},"excerpt":{"rendered":"<p>AXA CSLancement nouvel intranet \u00e0 l&rsquo;internationalUne strat\u00e9gie globaleRendre ce nouveau r\u00e9seau collaboratif dit ONE accessible au plus grand nombre, valoriser sa simplicit\u00e9 d\u2019usage et sa facilit\u00e9 d\u2019appr\u00e9hension. Relier ce dernier \u00e0 la culture entreprise et d\u00e9rouler une strat\u00e9gie qui se compl\u00e8te dans les moyens mis en \u0153uvre. KEYWORKS Inspirer :\u00a0 Redonner de la visibilit\u00e9 \u00e0 [&hellip;]<\/p>\n","protected":false},"author":2,"featured_media":0,"parent":0,"menu_order":0,"comment_status":"closed","ping_status":"closed","template":"","meta":{"_et_pb_use_builder":"on","_et_pb_old_content":"","_et_gb_content_width":"","footnotes":""},"class_list":["post-696","page","type-page","status-publish","hentry"],"yoast_head":"<!-- This site is optimized with the Yoast SEO plugin v27.5 - https:\/\/yoast.com\/product\/yoast-seo-wordpress\/ -->\n<title># AXA CS Intranet - Philiboul<\/title>\n<meta name=\"robots\" content=\"index, follow, max-snippet:-1, max-image-preview:large, max-video-preview:-1\" \/>\n<link rel=\"canonical\" href=\"https:\/\/philiboul.fr\/index.php\/axa-cs-intranet\/\" \/>\n<meta property=\"og:locale\" content=\"fr_FR\" \/>\n<meta property=\"og:type\" content=\"article\" \/>\n<meta property=\"og:title\" content=\"# AXA CS Intranet - Philiboul\" \/>\n<meta property=\"og:description\" content=\"AXA CSLancement nouvel intranet \u00e0 l&#039;internationalUne strat\u00e9gie globaleRendre ce nouveau r\u00e9seau collaboratif dit ONE accessible au plus grand nombre, valoriser sa simplicit\u00e9 d\u2019usage et sa facilit\u00e9 d\u2019appr\u00e9hension. Relier ce dernier \u00e0 la culture entreprise et d\u00e9rouler une strat\u00e9gie qui se compl\u00e8te dans les moyens mis en \u0153uvre. KEYWORKS Inspirer :\u00a0 Redonner de la visibilit\u00e9 \u00e0 [&hellip;]\" \/>\n<meta property=\"og:url\" content=\"https:\/\/philiboul.fr\/index.php\/axa-cs-intranet\/\" \/>\n<meta property=\"og:site_name\" content=\"Philiboul\" \/>\n<meta property=\"article:modified_time\" content=\"2020-04-02T08:54:13+00:00\" \/>\n<meta property=\"og:image\" content=\"https:\/\/philiboul.fr\/wp-content\/uploads\/2020\/02\/AXA-philiboul-CAS-4-carre-web-300x300.jpg\" \/>\n<meta name=\"twitter:card\" content=\"summary_large_image\" \/>\n<meta name=\"twitter:label1\" content=\"Dur\u00e9e de lecture estim\u00e9e\" \/>\n\t<meta name=\"twitter:data1\" content=\"3 minutes\" \/>\n<script type=\"application\/ld+json\" class=\"yoast-schema-graph\">{\"@context\":\"https:\\\/\\\/schema.org\",\"@graph\":[{\"@type\":\"WebPage\",\"@id\":\"https:\\\/\\\/philiboul.fr\\\/index.php\\\/axa-cs-intranet\\\/\",\"url\":\"https:\\\/\\\/philiboul.fr\\\/index.php\\\/axa-cs-intranet\\\/\",\"name\":\"# AXA CS Intranet - Philiboul\",\"isPartOf\":{\"@id\":\"https:\\\/\\\/philiboul.fr\\\/#website\"},\"primaryImageOfPage\":{\"@id\":\"https:\\\/\\\/philiboul.fr\\\/index.php\\\/axa-cs-intranet\\\/#primaryimage\"},\"image\":{\"@id\":\"https:\\\/\\\/philiboul.fr\\\/index.php\\\/axa-cs-intranet\\\/#primaryimage\"},\"thumbnailUrl\":\"https:\\\/\\\/philiboul.fr\\\/wp-content\\\/uploads\\\/2020\\\/02\\\/AXA-philiboul-CAS-4-carre-web-300x300.jpg\",\"datePublished\":\"2020-02-20T12:20:55+00:00\",\"dateModified\":\"2020-04-02T08:54:13+00:00\",\"breadcrumb\":{\"@id\":\"https:\\\/\\\/philiboul.fr\\\/index.php\\\/axa-cs-intranet\\\/#breadcrumb\"},\"inLanguage\":\"fr-FR\",\"potentialAction\":[{\"@type\":\"ReadAction\",\"target\":[\"https:\\\/\\\/philiboul.fr\\\/index.php\\\/axa-cs-intranet\\\/\"]}]},{\"@type\":\"ImageObject\",\"inLanguage\":\"fr-FR\",\"@id\":\"https:\\\/\\\/philiboul.fr\\\/index.php\\\/axa-cs-intranet\\\/#primaryimage\",\"url\":\"https:\\\/\\\/philiboul.fr\\\/wp-content\\\/uploads\\\/2020\\\/02\\\/AXA-philiboul-CAS-4-carre-web.jpg\",\"contentUrl\":\"https:\\\/\\\/philiboul.fr\\\/wp-content\\\/uploads\\\/2020\\\/02\\\/AXA-philiboul-CAS-4-carre-web.jpg\",\"width\":595,\"height\":595},{\"@type\":\"BreadcrumbList\",\"@id\":\"https:\\\/\\\/philiboul.fr\\\/index.php\\\/axa-cs-intranet\\\/#breadcrumb\",\"itemListElement\":[{\"@type\":\"ListItem\",\"position\":1,\"name\":\"Home\",\"item\":\"https:\\\/\\\/philiboul.fr\\\/\"},{\"@type\":\"ListItem\",\"position\":2,\"name\":\"# AXA CS Intranet\"}]},{\"@type\":\"WebSite\",\"@id\":\"https:\\\/\\\/philiboul.fr\\\/#website\",\"url\":\"https:\\\/\\\/philiboul.fr\\\/\",\"name\":\"Philiboul\",\"description\":\"L&#039;agence qui ne perd pas la boule\",\"potentialAction\":[{\"@type\":\"SearchAction\",\"target\":{\"@type\":\"EntryPoint\",\"urlTemplate\":\"https:\\\/\\\/philiboul.fr\\\/?s={search_term_string}\"},\"query-input\":{\"@type\":\"PropertyValueSpecification\",\"valueRequired\":true,\"valueName\":\"search_term_string\"}}],\"inLanguage\":\"fr-FR\"}]}<\/script>\n<!-- \/ Yoast SEO plugin. -->","yoast_head_json":{"title":"# AXA CS Intranet - Philiboul","robots":{"index":"index","follow":"follow","max-snippet":"max-snippet:-1","max-image-preview":"max-image-preview:large","max-video-preview":"max-video-preview:-1"},"canonical":"https:\/\/philiboul.fr\/index.php\/axa-cs-intranet\/","og_locale":"fr_FR","og_type":"article","og_title":"# AXA CS Intranet - Philiboul","og_description":"AXA CSLancement nouvel intranet \u00e0 l'internationalUne strat\u00e9gie globaleRendre ce nouveau r\u00e9seau collaboratif dit ONE accessible au plus grand nombre, valoriser sa simplicit\u00e9 d\u2019usage et sa facilit\u00e9 d\u2019appr\u00e9hension. Relier ce dernier \u00e0 la culture entreprise et d\u00e9rouler une strat\u00e9gie qui se compl\u00e8te dans les moyens mis en \u0153uvre. KEYWORKS Inspirer :\u00a0 Redonner de la visibilit\u00e9 \u00e0 [&hellip;]","og_url":"https:\/\/philiboul.fr\/index.php\/axa-cs-intranet\/","og_site_name":"Philiboul","article_modified_time":"2020-04-02T08:54:13+00:00","og_image":[{"url":"https:\/\/philiboul.fr\/wp-content\/uploads\/2020\/02\/AXA-philiboul-CAS-4-carre-web-300x300.jpg","type":"","width":"","height":""}],"twitter_card":"summary_large_image","twitter_misc":{"Dur\u00e9e de lecture estim\u00e9e":"3 minutes"},"schema":{"@context":"https:\/\/schema.org","@graph":[{"@type":"WebPage","@id":"https:\/\/philiboul.fr\/index.php\/axa-cs-intranet\/","url":"https:\/\/philiboul.fr\/index.php\/axa-cs-intranet\/","name":"# AXA CS Intranet - Philiboul","isPartOf":{"@id":"https:\/\/philiboul.fr\/#website"},"primaryImageOfPage":{"@id":"https:\/\/philiboul.fr\/index.php\/axa-cs-intranet\/#primaryimage"},"image":{"@id":"https:\/\/philiboul.fr\/index.php\/axa-cs-intranet\/#primaryimage"},"thumbnailUrl":"https:\/\/philiboul.fr\/wp-content\/uploads\/2020\/02\/AXA-philiboul-CAS-4-carre-web-300x300.jpg","datePublished":"2020-02-20T12:20:55+00:00","dateModified":"2020-04-02T08:54:13+00:00","breadcrumb":{"@id":"https:\/\/philiboul.fr\/index.php\/axa-cs-intranet\/#breadcrumb"},"inLanguage":"fr-FR","potentialAction":[{"@type":"ReadAction","target":["https:\/\/philiboul.fr\/index.php\/axa-cs-intranet\/"]}]},{"@type":"ImageObject","inLanguage":"fr-FR","@id":"https:\/\/philiboul.fr\/index.php\/axa-cs-intranet\/#primaryimage","url":"https:\/\/philiboul.fr\/wp-content\/uploads\/2020\/02\/AXA-philiboul-CAS-4-carre-web.jpg","contentUrl":"https:\/\/philiboul.fr\/wp-content\/uploads\/2020\/02\/AXA-philiboul-CAS-4-carre-web.jpg","width":595,"height":595},{"@type":"BreadcrumbList","@id":"https:\/\/philiboul.fr\/index.php\/axa-cs-intranet\/#breadcrumb","itemListElement":[{"@type":"ListItem","position":1,"name":"Home","item":"https:\/\/philiboul.fr\/"},{"@type":"ListItem","position":2,"name":"# AXA CS Intranet"}]},{"@type":"WebSite","@id":"https:\/\/philiboul.fr\/#website","url":"https:\/\/philiboul.fr\/","name":"Philiboul","description":"L&#039;agence qui ne perd pas la boule","potentialAction":[{"@type":"SearchAction","target":{"@type":"EntryPoint","urlTemplate":"https:\/\/philiboul.fr\/?s={search_term_string}"},"query-input":{"@type":"PropertyValueSpecification","valueRequired":true,"valueName":"search_term_string"}}],"inLanguage":"fr-FR"}]}},"_links":{"self":[{"href":"https:\/\/philiboul.fr\/index.php\/wp-json\/wp\/v2\/pages\/696","targetHints":{"allow":["GET"]}}],"collection":[{"href":"https:\/\/philiboul.fr\/index.php\/wp-json\/wp\/v2\/pages"}],"about":[{"href":"https:\/\/philiboul.fr\/index.php\/wp-json\/wp\/v2\/types\/page"}],"author":[{"embeddable":true,"href":"https:\/\/philiboul.fr\/index.php\/wp-json\/wp\/v2\/users\/2"}],"replies":[{"embeddable":true,"href":"https:\/\/philiboul.fr\/index.php\/wp-json\/wp\/v2\/comments?post=696"}],"version-history":[{"count":9,"href":"https:\/\/philiboul.fr\/index.php\/wp-json\/wp\/v2\/pages\/696\/revisions"}],"predecessor-version":[{"id":1585,"href":"https:\/\/philiboul.fr\/index.php\/wp-json\/wp\/v2\/pages\/696\/revisions\/1585"}],"wp:attachment":[{"href":"https:\/\/philiboul.fr\/index.php\/wp-json\/wp\/v2\/media?parent=696"}],"curies":[{"name":"wp","href":"https:\/\/api.w.org\/{rel}","templated":true}]}}